n base 11, what is 1 + -6079?
-6078
In base 13, what is -83a5 - -a?
-8398
In base 16, what is 0 + 5194?
5194
In base 7, what is -3 - 1111401?
-1111404
In base 2, what is 10001011111110000 - -1000?
10001011111111000
In base 6, what is -353022 - 2?
-353024
In base 16, what is 2bf1f + 7?
2bf26
In base 8, what is -2 + -517040?
-517042
In base 2, what is -11001111110100 - -10?
-11001111110010
In base 2, what is 1 + -1010100001111110110?
-1010100001111110101
In base 14, what is 3 - c264?
-c261
In base 8, what is 47 + -2552?
-2503
In base 4, what is 20122001 - -1003?
20123010
In base 8, what is -4164 + -317?
-4503
In base 3, what is 102202112101 - 2?
102202112022
In base 5, what is 4 - -211313?
211322
In base 10, what is 85 + -51134?
-51049
In base 10, what is 4515 + -59?
4456
In base 4, what is -1100300330 - 11?
-1100301001
In base 7, what is 21020353 + 5?
21020361
In base 10, what is 14012 - 33?
13979
In base 8, what is 1014 + -7243?
-6227
In base 7, what is -24461 + 153?
-24305
In base 4, what is -31211132 - 10?
-31211202
In base 9, what is 1 - -102126?
102127
In base 10, what is -26 - 848?
-874
In base 13, what is -147 - c6?
-240
In base 13, what is 3 + -32cc5?
-32cc2
In base 16, what is -930f6 - -4?
-930f2
In base 15, what is ad - -363b?
36e9
In base 14, what is 6a + c8?
154
In base 15, what is 173a1 + 0?
173a1
In base 6, what is -120 - 245135?
-245255
In base 9, what is 4 + 286724?
286728
In base 5, what is -1100302 + 3?
-1100244
In base 13, what is -141 - 597c?
-5ac0
In base 7, what is 3636 - -230?
4166
In base 5, what is -311 + 44003?
43142
In base 6, what is 230 - -202302?
202532
In base 5, what is 11413100 - -4?
11413104
In base 2, what is 11 - 11001001111011111?
-11001001111011100
In base 15, what is -913 + 12?
-901
In base 15, what is -180e + 3d?
-17c1
In base 2, what is -1110001001010001011 - 11?
-1110001001010001110
In base 10, what is 16621 - 1?
16620
In base 12, what is -72 - -722a?
7178
In base 5, what is 1234 - 13?
1221
In base 14, what is -3 - 3803?
-3806
In base 8, what is -241 - -440?
177
In base 5, what is 203244 + 2130?
210424
In base 10, what is 5 + -33510?
-33505
In base 12, what is -88 - -27a3?
2717
In base 6, what is -4 - 140334?
-140342
In base 11, what is -19 - -12a0?
1282
In base 15, what is 184 - -3a?
1be
In base 8, what is 3451 - -105?
3556
In base 7, what is -10651526 + 3?
-10651523
In base 12, what is -1120b - -a?
-11201
In base 15, what is -14b1 - -22?
-148e
In base 8, what is 12 + -4615?
-4603
In base 13, what is -c9 - -c?
-ba
In base 10, what is -168 + 17099?
16931
In base 11, what is -80170 + 2?
-80169
In base 8, what is 2 + 277372?
277374
In base 8, what is 15135 - 24?
15111
In base 7, what is -2422352 + 0?
-2422352
In base 2, what is -100 + 111111011011011100?
111111011011011000
In base 13, what is ba743 - -4?
ba747
In base 15, what is -19ca0a + -2?
-19ca0c
In base 9, what is -58553 + 2?
-58551
In base 9, what is -17812 + -4?
-17816
In base 14, what is 3 + a06a?
a06d
In base 16, what is -4eb4 + ec?
-4dc8
In base 2, what is 100 - -1100111001100?
1100111010000
In base 13, what is -1 - -c7804?
c7803
In base 11, what is 20 - -2040?
2060
In base 9, what is 2 - -78633?
78635
In base 16, what is 4 + 194d?
1951
In base 10, what is -1010 + 21?
-989
In base 9, what is -1 - -315674?
315673
In base 11, what is -274 + 2254?
1a90
In base 14, what is 0 + -49656?
-49656
In base 9, what is -20 - -78174?
78154
In base 10, what is 64434 - 4?
64430
In base 6, what is 21412254 - -4?
21412302
In base 3, what is 1020 - -1001011120?
1001012210
In base 13, what is b71 - -384?
1225
In base 12, what is 451 - -1292?
1723
In base 6, what is -1131032 - 1?
-1131033
In base 13, what is 9c30 + -5?
9c28
In base 10, what is 3179 - -108?
3287
In base 3, what is 100 - -11122220?
11200020
In base 9, what is -61 - 322?
-383
In base 9, what is 138 + -417?
-268
In base 11, what is 114504 + 1?
114505
In base 14, what is 4374 + -6?
436c
In base 15, what is 0 + -162d2?
-162d2
In base 14, what is -5a67 - 2?
-5a69
In base 5, what is 14043114 + -1?
14043113
In base 9, what is -844754 - -4?
-844750
In base 5, what is -100 + -1232?
-1332
In base 2, what is -1110101010 + -10000?
-1110111010
In base 5, what is 2034004411 + -3?
2034004403
In base 11, what is 3 - 333218?
-333215
In base 13, what is -5 + -7a314?
-7a319
In base 5, what is 12213 - -130?
12343
In base 10, what is -8 + 3555?
3547
In base 2, what is -10000 + 1100100010111?
1100100000111
In base 7, what is -1036 - 1146?
-2215
In base 9, what is 4015 + 46?
4062
In base 6, what is 14 - -201233?
201251
In base 2, what is -1100010001111 - -10110101?
-1011111011010
In base 10, what is 23 - 765?
-742
In base 15, what is -283 - 12?
-295
In base 16, what is -639a - -42?
-6358
In base 8, what is 143227 + 0?
143227
In base 12, what is 88 + 451?
519
In base 12, what is -38 + 2841?
2805
In base 16, what is 1242 - 3?
123f
In base 12, what is 1826b - 10?
1825b
In base 5, what is -4341044 - -2?
-4341042
In base 2, what is 10011111001010100001 + 100?
10011111001010100101
In base 4, what is 10 + -11110300?
-11110230
In base 10, what is -5 - 274831?
-274836
In base 15, what is -6b - -ba7?
b3b
In base 7, what is 561 - 300?
261
In base 9, what is -8 - -1433637?
1433628
In base 7, what is -55 - 133300?
-133355
In base 9, what is 21115 - -2?
21117
In base 12, what is -45556 - 4?
-4555a
In base 12, what is 12 - -3?
15
In base 13, what is -4b038 - 4?
-4b03c
In base 13, what is -17c7 - 14?
-180b
In base 16, what is -34 + -5e2?
-616
In base 6, what is -1152 + -1040?
-2232
In base 4, what is 13 - -221133132?
221133211
In base 4, what is -230 - -303201?
302311
In base 8, what is -116230 + -26?
-116256
In base 14, what is -363 - d83?
-1306
In base 6, what is 42 + 132345?
132431
In base 7, what is 116101 + 5?
116106
In base 10, what is -32 - -148749?
148717
In base 9, what is -26121205 - 3?
-26121208
In base 8, what is -45077 + 55?
-45022
In base 2, what is -11110 + -1011011010100000?
-1011011010111110
In base 5, what is 113324 - 100?
113224
In base 15, what is -3 + -86417?
-8641a
In base 11, what is 7 + -2071?
-2065
In base 2, what is -100010011110 + 111100?
-100001100010
In base 7, what is -44406 - 2?
-44411
In base 11, what is -23 - 44?
-67
In base 6, what is 103 + -4013?
-3510
In base 6, what is 1 + -142444?
-142443
In base 3, what is 10212121110102 + 1?
10212121110110
In base 7, what is -3 + -130243?
-130246
In base 4, what is 3131 + 130130?
133321
In base 8, what is -100117 + -5?
-100124
In base 3, what is -1020 - 1020221?
-1022011
In base 7, what is 10165 - 405?
6460
In base 15, what is -2 - -2a61d?
2a61b
In base 14, what is -9 + ac78?
ac6d
In base 16, what is -29ad7 + 5?
-29ad2
In base 15, what is 3 - 14dc8?
-14dc5
In base 2, what is 1 - -1010001010101011110?
1010001010101011111
In base 10, what is 0 - 3756?
-3756
In base 14, what is 2 + -40bd3?
-40bd1
In base 5, what is -4 - -113212412?
113212403
In base 16, what is -2abc + 3d?
-2a7f
In base 4, what is -32 - 10233132?
-10233230
In base 2, what is -10110 - 1000000?
-1010110
In base 7, what is -4152 - -12?
-4140
In base 12, what is 121 + -644b?
-632a
In base 14, what is -197c + 106?
-1876
In base 10, what is 0 - 303?
-303
In base 13, what is -4 + 984c?
9848
In base 14, what is 141b4 + -18?
1419a
In base 3, what is 112 + 1220212?
1221101
In base 4, what is 200030 - -111?
200201
In base 11, what is -194 - -518?
334
In base 14, what is 4 + 109b77?
109b7b
In base 5, what is -122223 + -44?
-122322
In base 4, what is -10 + 110122300?
110122230
In base 12, what is -47 - -839?
7b2
In base 14, what is 1 + -2834?
-2833
In base 8, what is -1 + 2663?
2662
In base 2, what is -1111001011011101111 - -100?
-1111001011011101011
In base 13, what is -64 - -b72?
b0b
In base 2, what is -1101111110001011 - 11?
-1101111110001110
In base 3, what is -100 + 1221200012?
1221122212
In base 10, what is 52414 - 2?
52412
In base 8, what is 424 + 11?
435
In base 13, what is -c08b1 - 4?
-c08b5
In base 7, what is 1 - -14216506?
14216510
In base 12, what is 15846 - 26?
15820
In base 8, what is -4 + 17336?
17332
In base 4, what is -32002311 - -10?
-32002301
In base 6, what is -5540 - 2303?
-12243
In base 6, what is 23 + 122151?
122214
In base 3, what is 12010102 - 120112?
11112220
In base 16, what is a807b